eb (base 15) in base 3?
-121112
-8fbe (base 16) to base 8
-107676
What is 81 (base 14) in base 11?
a3
Convert 19642 (base 12) to base 3.
1220000212
272 (base 15) to base 8
1055
What is 830 (base 15) in base 11?
1428
What is 4725 (base 10) in base 16?
1275
What is -32120 (base 4) in base 5?
-12140
What is 1518 (base 9) in base 10?
1151
Convert 12272 (base 8) to base 2.
1010010111010
2a69 (base 12) to base 8
11561
Convert -680 (base 10) to base 12.
-488
575 (base 9) to base 11
3a0
What is 41340 (base 7) in base 14?
3990
Convert -14634 (base 11) to base 16.
-50f8
1142 (base 5) to base 8
254
What is -63107 (base 9) in base 2?
-1010001010101001
What is 755b (base 16) in base 7?
153406
What is 12651 (base 8) in base 2?
1010110101001
Convert 1421 (base 10) to base 13.
854
-11a35 (base 11) to base 7
-101130
Convert 1110011011100 (base 2) to base 15.
22c8
What is -24604 (base 7) in base 2?
-1100101001000
-11100011101010 (base 2) to base 6
-151242
What is -23020 (base 4) in base 6?
-3144
What is 12132 (base 4) in base 2?
110011110
-493 (base 11) to base 7
-1465
What is -10011000111111 (base 2) in base 9?
-14378
What is -329 (base 14) in base 3?
-212011
7c1 (base 13) to base 4
110330
Convert a08 (base 12) to base 13.
875
What is 559 (base 12) in base 7?
2205
What is 63633 (base 9) in base 8?
122125
123 (base 4) to base 14
1d
b3a5 (base 14) to base 9
46362
-1460 (base 8) to base 9
-1106
What is -2110200200 (base 3) in base 5?
-3023433
121323 (base 4) to base 12
b63
Convert -82 (base 12) to base 14.
-70
What is 17e7 (base 16) in base 9?
8348
Convert -1446 (base 9) to base 6.
-5023
-1022 (base 13) to base 5
-32400
What is 231300 (base 4) in base 16?
b70
What is -1001100001110010 (base 2) in base 14?
-10318
-6208 (base 13) to base 4
-3103120
What is 42147 (base 8) in base 7?
102024
Convert -23353 (base 7) to base 8.
-13600
What is 1a740 (base 11) in base 9?
43506
What is 3092 (base 10) in base 8?
6024
What is -119 (base 12) in base 5?
-1130
-11312 (base 5) to base 14
-436
Convert -2200101111 (base 3) to base 12.
-26657
What is 6590 (base 15) in base 6?
243330
Convert -114 (base 11) to base 10.
-136
What is 13121 (base 4) in base 9?
575
What is 521 (base 6) in base 11?
166
What is 151504 (base 7) in base 6?
344044
438 (base 9) to base 13
218
2001 (base 10) to base 7
5556
What is -202233 (base 4) in base 7?
-6324
b0 (base 14) to base 10
154
Convert -a (base 12) to base 13.
-a
5018 (base 9) to base 14
1498
What is b870 (base 13) in base 9?
38115
Convert 327 (base 9) to base 8.
414
43024 (base 6) to base 13
287b
Convert 3441 (base 6) to base 10.
817
-47105 (base 8) to base 4
-10321011
-112430 (base 7) to base 12
-b77b
What is -20114 (base 5) in base 11?
-a68
Convert -2421212 (base 5) to base 6.
-545102
Convert 44713 (base 8) to base 9.
27820
-223332 (base 4) to base 15
-c79
Convert 100010100100100 (base 2) to base 5.
1031300
What is -1178 (base 9) in base 8?
-1561
Convert -13067 (base 13) to base 2.
-1000100110100101
Convert 71 (base 14) to base 10.
99
1210 (base 14) to base 13
1584
What is -55030 (base 7) in base 13?
-6340
-f6d (base 16) to base 15
-1284
Convert -1699 (base 12) to base 7.
-10620
75 (base 9) to base 8
104
-5c1 (base 14) to base 16
-47d
What is -2c (base 16) in base 3?
-1122
Convert -1223001 (base 4) to base 16.
-1ac1
223345 (base 6) to base 8
44761
What is 2002 (base 7) in base 11?
576
-31551 (base 8) to base 5
-410121
What is -200 (base 12) in base 8?
-440
What is -8436 (base 10) in base 15?
-2776
What is 2037 (base 8) in base 5?
13210
Convert -112 (base 5) to base 6.
-52
Convert 7082 (base 11) to base 14.
35dd
a99 (base 14) to base 15
94a
Convert -83 (base 16) to base 6.
-335
Convert -20 (base 8) to base 5.
-31
11257 (base 12) to base 9
34264
Convert -10011111100111 (base 2) to base 8.
-23747
-4235 (base 6) to base 12
-67b
What is -104330 (base 5) in base 3?
-12002121
2210002 (base 3) to base 7
5624
Convert -113333 (base 6) to base 14.
-3837
Convert -120340 (base 5) to base 16.
-1176
What is -2740 (base 13) in base 14?
-20a1
1451 (base 11) to base 7
5312
-1301432 (base 5) to base 4
-12022122
Convert -43783 (base 9) to base 14.
-a849
-121101121 (base 3) to base 11
-8a84
101011001001101 (base 2) to base 14
80a1
What is -352535 (base 6) in base 9?
-45675
What is 1101110011110 (base 2) in base 13?
32ab
What is 141152 (base 6) in base 7?
53420
What is -1041 (base 8) in base 14?
-2ad
Convert 42643 (base 7) to base 8.
24567
Convert 35a95 (base 11) to base 4.
30222310
5915 (base 11) to base 16
1e50
Convert 782 (base 15) to base 5.
23242
-4156 (base 11) to base 8
-12602
What is -35152 (base 6) in base 9?
-6815
Convert 1005 (base 6) to base 4.
3131
What is 10616 (base 7) in base 13?
1304
1221344 (base 5) to base 6
300033
805 (base 13) to base 7
3646
Convert -b63 (base 16) to base 10.
-2915
What is -1182 (base 14) in base 13?
-150c
What is -30d0 (base 16) in base 12?
-7294
Convert -4b54 (base 13) to base 16.
-29dc
What is 27335 (base 12) in base 6?
1054105
-1222210 (base 4) to base 6
-51324
Convert -1ab (base 16) to base 3.
-120211
What is -2641 (base 9) in base 8?
-3675
Convert -1581 (base 12) to base 5.
-40140
What is 12b1 (base 15) in base 8?
7627
Convert -117755 (base 8) to base 2.
-1001111111101101
What is -10a58 (base 11) in base 2?
-11111000101010
Convert -5032 (base 6) to base 16.
-44c
Convert -3483 (base 11) to base 4.
-1013120
-17008 (base 9) to base 16
-2d98
933 (base 10) to base 12
659
Convert fcaa (base 16) to base 3.
10021201122
Convert -43104 (base 5) to base 16.
-b58
Convert 1634 (base 13) to base 11.
2499
-1102222 (base 3) to base 15
-4a2
850 (base 16) to base 8
4120
1111110011 (base 2) to base 14
523
15571 (base 8) to base 10
7033
What is -6459 (base 14) in base 16?
-43af
134213 (base 5) to base 16
15b6
1043 (base 8) to base 10
547
What is 4021 (base 9) in base 11?
2229
What is -1424 (base 8) in base 10?
-788
-6983 (base 10) to base 14
-278b
What is a51a (base 12) in base 4?
10121212
Convert 2285 (base 12) to base 15.
1215
Convert -322101 (base 4) to base 11.
-2890
Convert 220246 (base 7) to base 4.
21122110
Convert -330545 (base 6) to base 2.
-110101100100001
Convert 655 (base 14) to base 12.
883
What is 679c (base 14) in base 13?
8248
What is -215214 (base 6) in base 7?
-103336
-210110 (base 3) to base 11
-487
Convert 253 (base 9) to base 2.
11010010
2332211 (base 4) to base 8
27645
3002203 (base 4) to base 15
3a51
Convert bcc1 (base 15) to base 10.
40006
-336 (base 13) to base 7
-1416
a67a (base 16) to base 2
1010011001111010
What is 1232 (base 16) in base 9?
6345
What is 373 (base 9) in base 5?
2214
Convert -101100100101 (base 2) to base 9.
-3820
What is -11130011 (base 4) in base 3?
-1010120002
What is 1105521 (base 6) in base 10?
55705
Convert -100101 (base 3) to base 5.
-2003
120120121 (base 3) to base 15
3571
2220020 (base 3) to base 4
201000
What is cc87 (base 16) in base 6?
1042223
5364 (base 14) to base 6
150352
Convert -3d (base 14) to base 15.
-3a
Convert 10433 (base 5) to base 13.
452
Convert -112122 (base 3) to base 2.
-110001011
Convert -218 (base 11) to base 7.
-522
-7266 (base 11) to base 2
-10010110011111
Convert 663 (base 7) to base 8.
523
What is -5015 (base 7) in base 9?
-2328
-9a (base 16) to base 2
-10011010
-1103023 (base 4) to base 2
-1010011001011
Convert 15945 (base 10) to base 4.
3321021
9567 (base 13) to base 9
31353
Convert -464 (base 15) to base 14.
-510
31003 (base 4) to base 5
11320
cc8 (base 13) to base 3
10000012
22222 (base 4) to base 3
221021
-2223312 (base 5) to base 10
-39207
Convert 11aa (base 12) to base 7.
5560
Convert 125a (base 13) to base 3.
10120200
545 (base 7) to base 13
185
What is -2200221 (base 3) in base 16?
-7b1
Convert -3406 (base 11) to base 10.
-4483
Convert 21033013 (base 4) to base 11.
26472
-826 (base 16) to base 10
-2086
1223321 (base 4) to base 2
1101011111001
Convert 2131220 (base 4) to base 13.
4790
What is -1b66 (base 15) in base 13?
-2925
-111001100 (base 2) to base 13
-295
Convert -120430 (base 5) to base 2.
-1000110001010
Convert 1101011100 (base 2) to base 11.
712
What is -30300 (base 4) in base 10?
-816
-10231 (base 4) to base 12
-211
Convert -547 (base 10) to base 11.
-458
Convert -79 (base 12) to base 15.
-63
Convert 582 (base 13) to base 3.
1022020
-7712 (base